 - 9 = 0, 0 = -0*d + 3*d - v + 21. Let u = d + y. What is the units digit of u?
2
Let d = 17 - 13. What is the tens digit of (-3624)/(-104) + d/26?
3
Let o(v) = -v**2 + 3*v**2 + 28 - 3*v**2. What is the tens digit of o(0)?
2
What is the tens digit of 12004/8 - 4/16*2?
0
Let f be 6/(-4)*(-8)/3. Suppose 0 = 5*w + 2*j - 444, -5*w - f*j - 105 = -553. What is the units digit of w?
8
Suppose -4*l = -0*l + 16. Let x = -2 - l. Suppose -5*a + 4 = x*m - 4*a, -5*m + 10 = -4*a. What is the units digit of m?
2
Let r(m) = 43*m**2 - 26*m + 105. What is the units digit of r(7)?
0
Let t(b) = 125*b + 44. What is the units digit of t(2)?
4
Suppose 6*t = 10*t - 144. What is the tens digit of t?
3
Suppose 2*z = -8, i - 3*z + 0*z - 7 = 0. What is the units digit of 4/i - (-36)/20?
1
Let f = 138 + 69. Let p = 432 - f. What is the tens digit of p?
2
Let r = -137 - -635. What is the units digit of r?
8
Let p = -8739 - -12842. What is the units digit of p?
3
Let x(p) = 32*p + 6. Let d be x(-1). Let o = 6 - d. What is the tens digit of o?
3
Let y(b) = b**3 + 6*b**2 + 3. Let m be y(-6). Suppose 3*w = -2*i + 158, -3*w - m*i + 24 = -138. What is the tens digit of ((-3)/(-6))/(1/w)?
2
What is the hundreds digit of 21573/216 - (1 - 18/16)?
1
Let o(s) = 2*s**3 - 20*s**2 - 8*s - 16. Let i be o(7). What is the units digit of 3*(-3 + i/(-9) - -2)?
9
Let u be 5 - 2 - (-860)/(-5). Let h = -110 - u. What is the tens digit of h?
5
Let j be 70/4 - 3/2. Let g(l) = 4*l + 16. What is the tens digit of g(j)?
8
Let g = 24 - 25. Let r(x) = 69*x**2 - x. What is the units digit of r(g)?
0
Let t(j) = -5*j - 2 - 3*j**2 - 6*j - 2 + 2*j**2. Let o be t(-7). What is the tens digit of o/15*(-170)/(-4)?
6
Let u = -1115 - -1226. Let c(j) = -5*j**2 - 2*j - 1. Let z be c(-4). Let f = u + z. What is the tens digit of f?
3
Let k(w) = -19*w**2 + 1 + 5 + w**3 + 28*w**2. What is the units digit of k(-8)?
0
Let o be 4/(-4) - 17 - 2. Let c = o - -5. Let b = 35 + c. What is the units digit of b?
0
Suppose -9*d - 355 = -2740. What is the tens digit of d?
6
Suppose -y + 6*y - 3*w = 229, 3*y - 123 = -3*w. Suppose 2*r - 20 = y. What is the tens digit of r?
3
Suppose -6*d + 1856 = 23*d. What is the units digit of d?
4
Suppose -5*m + m = -12. What is the units digit of m*11*((-4)/6 - -3)?
7
Let d(h) = 2*h**2 + 6*h + 6. Let a be d(-3). Suppose 9*k - 7*k + a = 0. Let j = k - -17. What is the tens digit of j?
1
Let y(i) be the second derivative of 2*i**3/3 + 6*i**2 + i. Suppose -5*g + 4*g - 4 = -3*v, 4*v + g - 17 = 0. What is the tens digit of y(v)?
2
Suppose -n + 4295 = -446. Suppose n = 12*g + 1621. What is the units digit of g?
0
Let n(g) = -g**2 - 7*g + 3. Let b be n(-6). Let k be 3*(-12)/b + 9. Let z = k + 16. What is the tens digit of z?
2
Let m = 590 + -204. What is the hundreds digit of m?
3
Suppose 3*n = 183 + 312. What is the units digit of (n/9)/((-2)/(-6))?
5
Let f(x) = 157*x**2 + 424*x - 4. What is the thousands digit of f(-5)?
1
Suppose 2*m + m - 2*y - 21 = 0, 0 = -y - 3. Suppose 0*s - 37 = -r + s, 0 = m*r + 4*s - 221. What is the units digit of r?
1
Suppose -x + 270 = -2*i - i, 4*i - x = -361. Let t = 132 + i. What is the tens digit of t?
4
Suppose -24*y = -22*y - 182. Let b = y - 67. What is the units digit of b?
4
Suppose -2*j + 10 = 4. Suppose -j*c + 6 = -0*c. Suppose -10 = -c*s + 2*h, -35 = -s - s - 3*h. What is the units digit of s?
0
Let g be (-2)/(-8) - 19/(-4). Suppose -68 - 142 = -21*n. Suppose n*d - 5*d = -10, -4*r = -g*d - 78. What is the tens digit of r?
1
Suppose i = -3*i + 12. Suppose i*t = k + 17 - 156, -275 = -2*k + 5*t. What is the hundreds digit of k?
1
Let g = 11282 + -7414. What is the tens digit of g?
6
Suppose -693 - 378 = -9*l. What is the tens digit of l?
1
Let n(u) = 6*u + 13. Suppose 1 - 19 = -3*c. What is the tens digit of n(c)?
4
Suppose -5*j = -4*k + 7130, 3400 = 4*k + j - 3742. What is the hundreds digit of k?
7
Suppose 1114 = 2*f + 106. What is the hundreds digit of f?
5
Let d(x) be the third derivative of 2*x**4/3 - 23*x**3/3 + 17*x**2. What is the hundreds digit of d(16)?
2
Let c = 6 - 16. Let h be ((-48)/40)/(3/c). Suppose g + 30 = h*w - 67, -128 = -5*w - g. What is the tens digit of w?
2
Suppose -2 = 3*y + 13. Let j = -5 - y. Suppose -2*n + 20 = -j*n. What is the tens digit of n?
1
What is the tens digit of 2/(-5 - (-22035)/4405) - -5?
8
What is the units digit of (18 - 19)/(-1*(-1)/(-17))?
7
Let s = 10 - 8. Suppose s*p - 7*p + 10 = 0. Suppose -p*w + 46 = 12. What is the tens digit of w?
1
Let h = -4 - -13. Let c be (-3)/h - 13/(-3). Suppose u + u + 2*y = 114, c*u - y - 213 = 0. What is the tens digit of u?
5
Let d = 135 + -128. Suppose 825 + 1058 = d*w. What is the units digit of w?
9
Let r = 32 - 14. Let h be -1 - r/(1 + -4). Suppose 107 + 128 = h*v. What is the tens digit of v?
4
What is the thousands digit of (-635)/254*-2866*4/10?
2
What is the hundreds digit of 1121 + (-30)/(5/1)?
1
Let p(c) = 189*c - 50. What is the thousands digit of p(7)?
1
Suppose 0 = 2*j + 5*n - 161, -j + 0*j = 4*n - 85. Let w = j + -25. What is the units digit of w?
8
Let j(v) = -v**2 - 5*v - 4. Let r be j(-3). Suppose 0 = 3*w + r*w - 5*b - 165, 3*w - 93 = -3*b. What is the units digit of w?
2
Suppose 2*y = 19*y - 7242. What is the tens digit of y?
2
Suppose 0 = -2*f + 4*f - 140. Suppose -6*d = -d - f. Suppose -5*t - 21 = -k - 10*t, -d = -2*k + 4*t. What is the units digit of k?
1
Suppose 2*u - 5*z - 26 = -2*u, 4*z = -4*u + 8. Suppose -19 - 1 = -4*p + 4*o, u*o = -2*p - 8. Suppose -17 = s - p*s. What is the tens digit of s?
1
Suppose 4*t + 2*m - 9638 = 0, 5*t - 10*m - 12045 = -15*m. What is the thousands digit of t?
2
Let t(i) be the third derivative of -i**4/12 - 5*i**3/6 + 7*i**2. Let p be t(-4). Suppose 6*w - 3 = p*w. What is the units digit of w?
1
Suppose -5*b + 27 = -78. Let a = 36 - b. What is the tens digit of a?
1
Suppose 7*x - 581 - 378 = 0. Let w = -17 + x. What is the tens digit of w?
2
Let k(x) = -8*x + 2*x**2 - x**3 - 1 - 4*x**2 + 10*x**2. Let r = 241 + -235. What is the units digit of k(r)?
3
Let t be 20/(-110) - (-1382)/(-22). Let n be t/(-13) + (-14)/(-91). Suppose -n*u = -0*u + 2*r - 52, r + 16 = u. What is the tens digit of u?
1
Let n(d) = -d**3 - 32*d**2 + 43*d + 207. What is the hundreds digit of n(-36)?
8
Let z(r) = 3*r**2 - 12*r + 11. Let p be z(5). Let q = p - -46. What is the tens digit of q?
7
Let t(m) = -196*m**2 - 3*m - 21. Let w(f) = -49*f**2 - f - 5. Let g(z) = 2*t(z) - 9*w(z). What is the hundreds digit of g(-2)?
1
Suppose 4*v + 3*y = 154 + 101, 5*y = -5*v + 320. What is the tens digit of v?
6
Suppose -u - 5*h + 63 + 43 = 0, 5*u - 478 = h. Let m = 21 + u. What is the units digit of m?
7
Let l(m) be the first derivative of -m**4/4 + 2*m**3/3 + m**2 + 1. Let u(q) = 43*q - 342. Let c be u(8). What is the units digit of l(c)?
4
What is the units digit of (2/(16/(-508)))/((-4)/8)?
7
Let u = -40 + 33. Let b(s) = -s**3 - 4*s**2 + 17*s + 2. What is the units digit of b(u)?
0
Let c(j) = 660*j + 118. What is the tens digit of c(5)?
1
Let h be (((-12)/5)/(-2))/(3/15). Let j(s) = -s**3 + 8*s**2 + 4*s - 8. What is the tens digit of j(h)?
8
Let r(s) = -s**3 - 15*s**2 + 38*s - 39. Let b be ((-3)/(-4))/(((-22)/48)/11). What is the tens digit of r(b)?
4
What is the units digit of 75*(22/110 + 4/10)?
5
Let i(g) = 10*g - 22. Let c(s) = -39*s + 87. Let w(v) = 6*c(v) + 26*i(v). What is the units digit of w(7)?
2
Let o(k) = 2*k**2 + 4*k - 3. Let l(v) = 4*v**2 + 7*v - 5. Let b(y) = -3*l(y) + 7*o(y). What is the tens digit of b(4)?
5
Let o be (-95)/(-2)*7/((-70)/(-8)). Let s = 112 - o. What is the units digit of s?
4
Suppose 25 = -4*m + 2*m - 3*f, -4*m + f = 85. Let o = m + 21. What is the units digit of o?
1
Let y = 12 + -7. Suppose 0 = 3*l + y*i - 13, 2*l - 7*l - 5*i + 15 = 0. What is the units digit of l?
1
Suppose 12*v - 10*v = 66. Let r = v + 24. What is the tens digit of r?
5
Let h(d) = -37*d - 4. Let o be h(-2). What is the units digit of 950/o + (-8)/14?
3
Suppose -3*h = -7*h + 3*p + 55, 68 = 5*h - 4*p. Suppose -h + 122 = 2*s. What is the units digit of s?
3
Suppose 816 = -4*z + 88. Let a = z + 351. What is the units digit of a?
9
Let p(z) = 1094*z**3 + 6*z**2 - 6*z + 1. What is the thousands digit of p(1)?
1
Suppose -1600 - 9305 = -15*u. What is the hundreds digit of u?
7